test common divisor of 85655612 and 70?
14
What is the highest common divisor of 11641680 and 10?
10
Calculate the greatest common divisor of 1188 and 6429368.
44
Calculate the greatest common divisor of 737 and 317427.
11
Calculate the highest common divisor of 1179603 and 4977.
9
Calculate the greatest common divisor of 38704875 and 275.
275
Calculate the greatest common factor of 7946 and 5444.
2
Calculate the highest common factor of 5341 and 79663304.
763
What is the highest common divisor of 4871394 and 1668?
834
What is the greatest common divisor of 231660 and 2020980?
780
Calculate the highest common factor of 32776 and 78174616.
1928
Calculate the highest common divisor of 121 and 36242987.
11
What is the highest common factor of 28675971 and 27?
27
What is the highest common factor of 357742 and 95546?
2222
What is the highest common factor of 5310 and 1434406230?
5310
Calculate the greatest common factor of 98 and 8041782.
98
What is the highest common factor of 71004945 and 5?
5
What is the highest common factor of 7040432 and 896?
112
What is the greatest common factor of 98670 and 892749?
429
What is the greatest common divisor of 24 and 200123556?
12
Calculate the highest common factor of 1986461490 and 845.
845
Calculate the greatest common factor of 248761942 and 267.
89
Calculate the highest common divisor of 3356892 and 4446.
18
What is the greatest common factor of 28665 and 2054715?
195
Calculate the highest common factor of 72066726 and 1458.
54
What is the highest common factor of 24584 and 20991224?
3512
Calculate the highest common divisor of 206529 and 10329652.
1601
What is the greatest common divisor of 474 and 13235344?
158
What is the greatest common factor of 84 and 12051543?
21
Calculate the greatest common divisor of 5457 and 1078881.
321
Calculate the highest common divisor of 230 and 160730.
10
What is the highest common divisor of 5907015 and 9090?
45
What is the greatest common factor of 9473688 and 112?
56
Calculate the greatest common divisor of 6215 and 177071.
113
What is the highest common factor of 53686300 and 904?
452
What is the greatest common factor of 297046 and 380?
38
Calculate the greatest common divisor of 437036 and 3.
1
What is the highest common divisor of 176 and 3989997?
11
Calculate the greatest common factor of 365701 and 1424801.
623
Calculate the greatest common divisor of 67606 and 302218.
14
Calculate the highest common factor of 238 and 83674402.
14
What is the greatest common divisor of 4619584 and 2755?
551
Calculate the highest common factor of 18 and 6819484.
2
What is the highest common factor of 300095 and 24652485?
6385
Calculate the highest common divisor of 12201 and 252984.
249
What is the highest common divisor of 61741551 and 522?
87
What is the greatest common divisor of 3570 and 1466935610?
1190
Calculate the highest common factor of 2791 and 10881.
1
What is the highest common divisor of 4488 and 15059176?
88
Calculate the highest common factor of 6953 and 155312.
17
Calculate the greatest common factor of 3445052 and 73138.
2522
Calculate the highest common factor of 20039748 and 12.
12
Calculate the highest common factor of 45684 and 201348.
1692
Calculate the highest common factor of 3382808 and 15808.
104
What is the greatest common factor of 12028345 and 35?
35
Calculate the highest common divisor of 6104 and 6631800.
56
Calculate the greatest common divisor of 1080 and 1530124.
4
What is the highest common factor of 4263 and 35253589?
1421
What is the highest common divisor of 1320 and 50226?
66
Calculate the greatest common factor of 416 and 4040998.
26
What is the highest common factor of 1408 and 447623?
11
Calculate the highest common factor of 15365 and 79640.
5
What is the highest common factor of 828592 and 16?
16
What is the highest common factor of 1364 and 78354144?
44
Calculate the highest common divisor of 18729 and 9489.
3
What is the greatest common divisor of 2563194 and 11658?
174
Calculate the highest common factor of 16 and 1431056.
16
What is the highest common divisor of 312 and 1626240?
24
What is the greatest common factor of 547825 and 179171?
1289
Calculate the greatest common factor of 15 and 201638705.
5
What is the greatest common divisor of 13304 and 36184?
8
What is the highest common divisor of 1522255 and 775?
155
What is the greatest common divisor of 74819390 and 20?
10
Calculate the greatest common factor of 18053 and 77714.
7
What is the greatest common factor of 665 and 6295135?
35
Calculate the greatest common divisor of 30 and 4983330.
30
What is the greatest common factor of 15118799 and 7985?
1597
Calculate the highest common divisor of 1803 and 49467709.
601
What is the greatest common divisor of 913 and 127181813?
913
What is the highest common divisor of 112 and 18993226?
14
What is the highest common factor of 115380205 and 5?
5
Calculate the greatest common factor of 3671008 and 64.
32
Calculate the greatest common divisor of 4494 and 90531.
21
What is the greatest common factor of 82860248 and 940?
188
Calculate the highest common factor of 139864 and 1000.
8
Calculate the greatest common factor of 69377433 and 6330.
633
Calculate the highest common divisor of 3 and 20529357.
3
Calculate the greatest common factor of 47435146 and 44.
22
What is the highest common factor of 9 and 13332123?
9
What is the greatest common factor of 40082595 and 126?
21
What is the highest common factor of 31212 and 36756?
36
Calculate the highest common factor of 32845335 and 1290.
645
Calculate the highest common factor of 6293 and 1179395.
217
What is the highest common divisor of 11529 and 35432460?
3843
Calculate the greatest common factor of 225 and 207181575.
225
Calculate the highest common divisor of 49534404 and 372.
372
Calculate the greatest common divisor of 330845693 and 2876.
719
What is the highest common divisor of 3454 and 1332616?
314
Calculate the highest common factor of 5324401 and 7519.
73
What is the highest common factor of 112 and 26916736?
112
What is the highest common factor of 4736 and 15482872?
296
What is the greatest common factor of 2904 and 374578248?
2904
What is the greatest common factor of 28 and 2657039?
7
Calculate the greatest common divisor of 8964 and 11140592.
332
Calculate the greatest common factor of 4833380 and 155440.
1340
What is the greatest common factor of 9668416 and 6080?
1216
Calculate the greatest common divisor of 5697769 and 28861.
1519
Calculate the greatest common divisor of 715660 and 1017500.
220
Calculate the highest common divisor of 13851 and 11421.
243
Calculate the highest common divisor of 28 and 771505294.
14
What is the greatest common divisor of 36 and 37971348?
12
What is the highest common divisor of 888 and 20823378?
222
What is the greatest common divisor of 21 and 1853471739?
21
Calculate the greatest common factor of 197428 and 40122754.
8974
Calculate the highest common factor of 2783 and 247528369.
2783
What is the highest common divisor of 11747345 and 5?
5
Calculate the greatest common factor of 27 and 7722909.
9
What is the highest common factor of 920640 and 15481?
137
What is the greatest common divisor of 33861 and 23001?
3
What is the highest common factor of 1268 and 6467117?
317
What is the greatest common divisor of 769 and 3388207079?
769
Calculate the highest common factor of 6862237 and 1088.
17
Calculate the highest common divisor of 2394 and 4433058.
126
What is the greatest common factor of 10082 and 495722?
142
What is the greatest common divisor of 28362806 and 10734?
3578
Calculate the highest common factor of 323 and 464476584.
323
Calculate the highest common divisor of 2286908 and 2197.
169
Calculate the highest common factor of 509 and 3135818696.
509
Calculate the greatest common divisor of 46250775 and 23400.
225
Calculate the greatest common factor of 147 and 81944611.
49
What is the greatest common divisor of 1147 and 556184?
37
Calculate the greatest common factor of 12861 and 40680.
9
What is the greatest common factor of 91092 and 1968?
12
What is the highest common factor of 2974728 and 88944?
408
What is the highest common factor of 19619 and 671311?
853
Calculate the greatest common factor of 1197440 and 680.
40
What 